{"id":275,"date":"2016-11-09T16:18:32","date_gmt":"2016-11-09T15:18:32","guid":{"rendered":"http:\/\/tondeogreen.com\/blog\/?page_id=275"},"modified":"2024-02-29T21:48:07","modified_gmt":"2024-02-29T20:48:07","slug":"cassettes-quickcartridge-allett","status":"publish","type":"page","link":"https:\/\/tondeogreen.com\/blog\/tondeuse-allett\/cassettes-quickcartridge-allett\/","title":{"rendered":"Le syst\u00e8me de cassettes QuickCartridge ALLETT"},"content":{"rendered":"<p>[et_pb_section fb_built=\u00a0\u00bb1&Prime; custom_padding_last_edited=\u00a0\u00bbon|desktop\u00a0\u00bb admin_label=\u00a0\u00bbSection\u00a0\u00bb _builder_version=\u00a0\u00bb4.16&Prime; background_color=\u00a0\u00bbrgba(255,255,255,0)\u00a0\u00bb custom_padding_tablet=\u00a0\u00bb50px|0|50px|0&Prime; custom_padding_phone=\u00a0\u00bb\u00a0\u00bb transparent_background=\u00a0\u00bbon\u00a0\u00bb padding_mobile=\u00a0\u00bboff\u00a0\u00bb make_fullwidth=\u00a0\u00bboff\u00a0\u00bb use_custom_width=\u00a0\u00bboff\u00a0\u00bb width_unit=\u00a0\u00bbon\u00a0\u00bb global_colors_info=\u00a0\u00bb{}\u00a0\u00bb][et_pb_row admin_label=\u00a0\u00bbLigne\u00a0\u00bb _builder_version=\u00a0\u00bb4.16&Prime; background_size=\u00a0\u00bbinitial\u00a0\u00bb background_position=\u00a0\u00bbtop_left\u00a0\u00bb background_repeat=\u00a0\u00bbrepeat\u00a0\u00bb global_colors_info=\u00a0\u00bb{}\u00a0\u00bb][et_pb_column type=\u00a0\u00bb4_4&Prime; _builder_version=\u00a0\u00bb4.16&Prime; custom_padding=\u00a0\u00bb|||\u00a0\u00bb global_colors_info=\u00a0\u00bb{}\u00a0\u00bb custom_padding__hover=\u00a0\u00bb|||\u00a0\u00bb][et_pb_post_title meta=\u00a0\u00bboff\u00a0\u00bb featured_image=\u00a0\u00bboff\u00a0\u00bb text_color=\u00a0\u00bblight\u00a0\u00bb admin_label=\u00a0\u00bbTitre du poste\u00a0\u00bb _builder_version=\u00a0\u00bb4.16&Prime; title_all_caps=\u00a0\u00bboff\u00a0\u00bb background_color=\u00a0\u00bbrgba(255,255,255,0)\u00a0\u00bb parallax=\u00a0\u00bbon\u00a0\u00bb parallax_method=\u00a0\u00bboff\u00a0\u00bb text_orientation=\u00a0\u00bbcenter\u00a0\u00bb parallax_effect=\u00a0\u00bbon\u00a0\u00bb module_bg_color=\u00a0\u00bbrgba(255,255,255,0)\u00a0\u00bb use_border_color=\u00a0\u00bboff\u00a0\u00bb border_color=\u00a0\u00bb#ffffff\u00a0\u00bb border_style=\u00a0\u00bbsolid\u00a0\u00bb global_colors_info=\u00a0\u00bb{}\u00a0\u00bb][\/et_pb_post_title][\/et_pb_column][\/et_pb_row][\/et_pb_section][et_pb_section fb_built=\u00a0\u00bb1&Prime; admin_label=\u00a0\u00bbsection\u00a0\u00bb _builder_version=\u00a0\u00bb4.16&Prime; global_colors_info=\u00a0\u00bb{}\u00a0\u00bb][et_pb_row column_structure=\u00a0\u00bb1_4,3_4&Prime; admin_label=\u00a0\u00bbLigne\u00a0\u00bb _builder_version=\u00a0\u00bb4.16&Prime; background_size=\u00a0\u00bbinitial\u00a0\u00bb background_position=\u00a0\u00bbtop_left\u00a0\u00bb background_repeat=\u00a0\u00bbrepeat\u00a0\u00bb global_colors_info=\u00a0\u00bb{}\u00a0\u00bb][et_pb_column type=\u00a0\u00bb1_4&Prime; _builder_version=\u00a0\u00bb4.16&Prime; custom_padding=\u00a0\u00bb|||\u00a0\u00bb global_colors_info=\u00a0\u00bb{}\u00a0\u00bb custom_padding__hover=\u00a0\u00bb|||\u00a0\u00bb][et_pb_sidebar area=\u00a0\u00bbet_pb_widget_area_4&Prime; disabled_on=\u00a0\u00bbon|on|\u00a0\u00bb admin_label=\u00a0\u00bbBarre lat\u00e9rale\u00a0\u00bb _builder_version=\u00a0\u00bb4.16&Prime; remove_border=\u00a0\u00bboff\u00a0\u00bb global_colors_info=\u00a0\u00bb{}\u00a0\u00bb][\/et_pb_sidebar][\/et_pb_column][et_pb_column type=\u00a0\u00bb3_4&Prime; _builder_version=\u00a0\u00bb4.16&Prime; custom_padding=\u00a0\u00bb|||\u00a0\u00bb global_colors_info=\u00a0\u00bb{}\u00a0\u00bb custom_padding__hover=\u00a0\u00bb|||\u00a0\u00bb][et_pb_text admin_label=\u00a0\u00bbTexte\u00a0\u00bb _builder_version=\u00a0\u00bb4.24.2&Prime; background_size=\u00a0\u00bbinitial\u00a0\u00bb background_position=\u00a0\u00bbtop_left\u00a0\u00bb background_repeat=\u00a0\u00bbrepeat\u00a0\u00bb hover_enabled=\u00a0\u00bb0&Prime; global_colors_info=\u00a0\u00bb{}\u00a0\u00bb sticky_enabled=\u00a0\u00bb0&Prime;]<\/p>\n<p>Les accessoires ALLETT sont con\u00e7us de fa\u00e7on \u00e0 vous aider \u00e0 tirer le meilleur de votre tondeuse h\u00e9lico\u00efdale et d&rsquo;en faire un \u00e9quipement d&rsquo;entretien encore plus complet pour votre gazon. Gr\u00e2ce au syst\u00e8me de cassettes QuickCartridge, vous pouvez facilement transformer votre tondeuse en \u00e9mousseur, d\u00e9feutreur (scarificateur), verticutteur, a\u00e9rateur ou encore en \u00e9quipement de finition gr\u00e2ce \u00e0 la cassette Brosse \u00e0 gazon.<br \/>Cr\u00e9\u00e9es avec une grande pr\u00e9cision, ces cassettes s&rsquo;ajustent parfaitement \u00e0 votre tondeuse et sont facilement amovibles.<br \/>Si vous poss\u00e9dez <a title=\"Les tondeuses ALLETT Classic\" href=\"https:\/\/tondeogreen.com\/109-allett-classic\">une tondeuse ALLETT Classic 14L, 17L, ou 12E Plus<\/a>, une ALLETT Kensington 14E, ou <a title=\"La tondeusea ALLETT Sandringham\" href=\"https:\/\/tondeogreen.com\/tondeuses-helicoidales\/122-allett-sandringham-14e.html\">une ALLETT Sandringham 14E<\/a>, vous pouvez b\u00e9n\u00e9ficier du syst\u00e8me QuickCartridge en permutant la cassette de coupe d&rsquo;origine avec la cassette \u00e9mousseur (aussi appel\u00e9e \u00ab\u00a0Allett scarifier cartridge\u00a0\u00bb).<br \/>Con\u00e7ue pour retirer le chaume, les d\u00e9bris de surface et la mousse morte, la cassette \u00e9mousseur vous aide \u00e0 garder votre gazon en bonne sant\u00e9 et sans maladie, en facilitant la p\u00e9n\u00e9tration de l&rsquo;air et de l&rsquo;eau \u00e0 la surface du sol. Son action encourage \u00e9galement une nouvelle pousse des gramin\u00e9es, entrainant un gazon plus dense et luxuriant.<\/p>\n<p><center><img loading=\"lazy\" decoding=\"async\" title=\"Cassettes QuickCartridge ALLETT\" src=\"https:\/\/tondeogreen.com\/img\/cms\/Qc_display_Kensington.jpg\" alt=\"D\u00e9couvrez le syst\u00e8me de cassettes ALLETT\" width=\"500\" height=\"333\" \/><\/center><\/p>\n<p>Si vous \u00eates possesseur d&rsquo;<a title=\"Les tondeuses ALLETT Kensington\" href=\"https:\/\/tondeogreen.com\/tondeuses-helicoidales\/9-allett-kensington-20b.html\">une ALLETT Kensington 14K, 17K ou 20K<\/a>, la qualit\u00e9 de votre gazon pourra \u00eatre sup\u00e9rieure par l&rsquo;utilisation des autres cassettes d&rsquo;entretien de la gamme : 10 lames, A\u00e9rateur, D\u00e9feutreur, Verticutteur et Brosse.<br \/>Ces cassettes requi\u00e8rent plus de puissance moteur, ainsi elles sont contre indiqu\u00e9es pour les mod\u00e8les Classic et les mod\u00e8les \u00e0 moteur \u00e9lectrique. (La 10 Lames peut \u00eatre utilis\u00e9e sur ces mod\u00e8les si les conditions de coupe id\u00e9ales sont r\u00e9unies.)<br \/>Un autre avantage des cassettes amovibles r\u00e9side dans la facilitation de l&rsquo;entretien des cylindres. Ils sont plus facilement manipulables et les travaux d&rsquo;affutage peuvent \u00eatre effectu\u00e9s avec plus de pr\u00e9cision et de soin. Elles sont \u00e9galement facilement stockables.<br \/><a title=\"D\u00e9couvrez comment changer facilement les cassettes QuickCartridge des tondeuses ALLETT Classic et Kensington\" href=\"https:\/\/tondeogreen.com\/blog\/tondeuse-allett\/changer-cassette-allett-classic-14l-17l-kensington-14k-17k-20k\/\" target=\"_blank\" rel=\"noopener\">&gt;D\u00e9couvrez comment changer facilement les cassettes ALLETT sur votre tondeuse h\u00e9lico\u00efdale<\/a><\/p>\n<h2>Pr\u00e9sentation de la gamme de cassettes ALLETT<\/h2>\n<h3>En vid\u00e9o<\/h3>\n<p><center><iframe loading=\"lazy\" src=\"https:\/\/www.youtube.com\/embed\/3g89TatXhh0?rel=0\" width=\"560\" height=\"315\" frameborder=\"0\" allowfullscreen=\"allowfullscreen\"><\/iframe><\/center><\/p>\n<h3>La cassette de coupe 10 lames (10 Bladed Cylinder)<\/h3>\n<p>Ce cylindre de coupe de 10 lames en acier tremp\u00e9 tond plus finement (plus de passage de lames donc plus de r\u00e9gularit\u00e9 dans la coupe) que les cylindres 5 ou 6 lames d&rsquo;origine. Il peut tondre \u00e0 une hauteur minimale de 6mm.<\/p>\n<p><a title=\"Commandez la cassette 10 lames ALLETT \" href=\"https:\/\/tondeogreen.com\/cassettes-amovibles-allett-atco\/23-cassette-10-lames.html\" target=\"_blank\" rel=\"noopener\">&gt; Commandez la cassette ALLETT (10 Bladed Cylinder)<\/a><\/p>\n<h3>La cassette \u00e9mousseur (Scarifier)<\/h3>\n<p>Ce petit scarificateur \u00e9limine en douceur la mousse. Il peut \u00eatre utilis\u00e9 pendant la pleine saison du gazon. Son action attaque et perturbe la prolif\u00e9ration des mauvaises herbes, rampantes ou non.<\/p>\n<p><a title=\"Commandez la cassette \u00e9mousseur ALLETT \" href=\"https:\/\/tondeogreen.com\/cassettes-amovibles-allett-atco\/20-cassette-emousseur-allett.html\" target=\"_blank\" rel=\"noopener\">&gt; Commandez la cassette Emousseur ALLETT (Scarifier)<\/a><\/p>\n<h3>La cassette verticutteur (Verticutter)<\/h3>\n<p>Cette cassette de \u00ab\u00a0tonte verticale\u00a0\u00bb est compos\u00e9e de lames minces et peu espac\u00e9es. Elle enl\u00e8ve les repousses lat\u00e9rales et supprime la mousse.Le verticutteur favorise une croissance plus dense et r\u00e9guli\u00e8re du gazon.<\/p>\n<p><a title=\"Commandez la cassette verticutteur ALLETT \" href=\"https:\/\/tondeogreen.com\/cassettes-amovibles-allett-atco\/114-cassette-verticutter.html\" target=\"_blank\" rel=\"noopener\">&gt; Commandez la cassette Verticutteur ALLETT (Verticutter)<\/a><\/p>\n<h3>La cassette d\u00e9feutreur (Dethatcher)<\/h3>\n<p>La cassette d\u00e9feutreur est \u00e9quip\u00e9e de dents \u00e9paisses espac\u00e9es. Elle est plus aggressive, pouvant p\u00e9n\u00e9trer le sol jusqu&rsquo;\u00e0 6mm de profondeur. Elle supprime les plus denses couches de chaume.<\/p>\n<p><a title=\"Commandez la cassette d\u00e9feutreur ALLETT \" href=\"https:\/\/tondeogreen.com\/cassettes-amovibles-allett-atco\/115-cassette-defeutreur.html\" target=\"_blank\" rel=\"noopener\">&gt; Commandez la cassette D\u00e9feutreur ALLETT (Dethacher)<\/a><\/p>\n<h3>La cassette brosse (Lawn Brush)<\/h3>\n<p>Cette cassette brosse soigneusement votre gazon et nettoie les d\u00e9bris de surfaces. Utile pour le top dressing.<\/p>\n<p><a title=\"Commandez la cassette brosse ALLETT \" href=\"https:\/\/tondeogreen.com\/cassettes-amovibles-allett-atco\/116-cassettes-brosse.html\" target=\"_blank\" rel=\"noopener\">&gt; Commandez la cassette Brosse ALLETT (Lawn Brush)<\/a><\/p>\n<h3>La cassette a\u00e9rateur (Aerator)<\/h3>\n<p>L&rsquo;a\u00e9rateur fend le sol pour faciliter les \u00e9change eau\/air avec le terrain. Il supprime le compactage du sol et facilite l&rsquo;infiltration de l&rsquo;eau.<\/p>\n<p><center><img loading=\"lazy\" decoding=\"async\" title=\"La  gamme de cassettes ALLETT pour Kensington\" src=\"https:\/\/tondeogreen.com\/img\/cms\/Cassette amovibles ALLETT_1.JPG\" alt=\"D\u00e9couvrez la gamme de cassettes ALLETT\" width=\"500\" height=\"282\" \/><\/center><\/p>\n<p style=\"text-decoration: italic; font-size: smaller;\"><em>Source : ALLETT<\/em><\/p>\n<p>[\/et_pb_text][\/et_pb_column][\/et_pb_row][\/et_pb_section][et_pb_section fb_built=\u00a0\u00bb1&Prime; custom_padding_last_edited=\u00a0\u00bbon|desktop\u00a0\u00bb admin_label=\u00a0\u00bbsection\u00a0\u00bb _builder_version=\u00a0\u00bb4.16&Prime; background_image=\u00a0\u00bbhttps:\/\/tondeogreen.com\/blog\/wp-content\/uploads\/2016\/11\/grass-724014.jpg\u00a0\u00bb custom_padding_tablet=\u00a0\u00bb50px|0|50px|0&Prime; custom_padding_phone=\u00a0\u00bb\u00a0\u00bb custom_css_main_element=\u00a0\u00bbborder: solid 5px white;\u00a0\u00bb transparent_background=\u00a0\u00bboff\u00a0\u00bb padding_mobile=\u00a0\u00bboff\u00a0\u00bb make_fullwidth=\u00a0\u00bboff\u00a0\u00bb use_custom_width=\u00a0\u00bboff\u00a0\u00bb width_unit=\u00a0\u00bboff\u00a0\u00bb global_colors_info=\u00a0\u00bb{}\u00a0\u00bb][et_pb_row column_structure=\u00a0\u00bb1_3,2_3&Prime; padding_mobile=\u00a0\u00bboff\u00a0\u00bb column_padding_mobile=\u00a0\u00bbon\u00a0\u00bb admin_label=\u00a0\u00bbrow\u00a0\u00bb _builder_version=\u00a0\u00bb4.16&Prime; background_size=\u00a0\u00bbinitial\u00a0\u00bb background_position=\u00a0\u00bbtop_left\u00a0\u00bb background_repeat=\u00a0\u00bbrepeat\u00a0\u00bb make_fullwidth=\u00a0\u00bboff\u00a0\u00bb use_custom_width=\u00a0\u00bboff\u00a0\u00bb width_unit=\u00a0\u00bboff\u00a0\u00bb custom_width_px=\u00a0\u00bb1080px\u00a0\u00bb custom_width_percent=\u00a0\u00bb80%\u00a0\u00bb global_colors_info=\u00a0\u00bb{}\u00a0\u00bb][et_pb_column type=\u00a0\u00bb1_3&Prime; _builder_version=\u00a0\u00bb4.16&Prime; custom_padding=\u00a0\u00bb|||\u00a0\u00bb global_colors_info=\u00a0\u00bb{}\u00a0\u00bb custom_padding__hover=\u00a0\u00bb|||\u00a0\u00bb][et_pb_image src=\u00a0\u00bbhttps:\/\/tondeogreen.com\/blog\/wp-content\/uploads\/2016\/11\/ALLETT-Tondeuse-helicoidale-Tondeogreen-size-montageOK.jpg\u00a0\u00bb align_tablet=\u00a0\u00bbcenter\u00a0\u00bb align_phone=\u00a0\u00bb\u00a0\u00bb align_last_edited=\u00a0\u00bbon|desktop\u00a0\u00bb admin_label=\u00a0\u00bbImage\u00a0\u00bb _builder_version=\u00a0\u00bb4.16&Prime; animation_style=\u00a0\u00bbslide\u00a0\u00bb animation_direction=\u00a0\u00bbleft\u00a0\u00bb animation_duration=\u00a0\u00bb500ms\u00a0\u00bb animation_intensity_slide=\u00a0\u00bb10%\u00a0\u00bb use_border_color=\u00a0\u00bboff\u00a0\u00bb border_color=\u00a0\u00bb#ffffff\u00a0\u00bb border_width=\u00a0\u00bb1px\u00a0\u00bb border_style=\u00a0\u00bbsolid\u00a0\u00bb sticky=\u00a0\u00bboff\u00a0\u00bb always_center_on_mobile=\u00a0\u00bbon\u00a0\u00bb global_colors_info=\u00a0\u00bb{}\u00a0\u00bb][\/et_pb_image][\/et_pb_column][et_pb_column type=\u00a0\u00bb2_3&Prime; _builder_version=\u00a0\u00bb4.16&Prime; custom_padding=\u00a0\u00bb|||\u00a0\u00bb global_colors_info=\u00a0\u00bb{}\u00a0\u00bb custom_padding__hover=\u00a0\u00bb|||\u00a0\u00bb][et_pb_cta title=\u00a0\u00bbTrouvez votre tondeuse ALLETT sur la boutique TONDEOGREEN\u00a0\u00bb button_url=\u00a0\u00bbhttps:\/\/tondeogreen.com\/107-tondeuse-allett\u00a0\u00bb button_text=\u00a0\u00bbAcheter sa tondeuse ALLETT\u00a0\u00bb admin_label=\u00a0\u00bbAppel d&rsquo;action\u00a0\u00bb _builder_version=\u00a0\u00bb4.16&Prime; header_font_size=\u00a0\u00bb40px\u00a0\u00bb header_line_height=\u00a0\u00bb2em\u00a0\u00bb use_background_color=\u00a0\u00bboff\u00a0\u00bb background_size=\u00a0\u00bbinitial\u00a0\u00bb background_position=\u00a0\u00bbtop_left\u00a0\u00bb background_repeat=\u00a0\u00bbrepeat\u00a0\u00bb use_border_color=\u00a0\u00bboff\u00a0\u00bb border_color=\u00a0\u00bb#ffffff\u00a0\u00bb border_width=\u00a0\u00bb1px\u00a0\u00bb border_style=\u00a0\u00bbsolid\u00a0\u00bb button_letter_spacing_hover=\u00a0\u00bb0&Prime; saved_tabs=\u00a0\u00bball\u00a0\u00bb global_colors_info=\u00a0\u00bb{}\u00a0\u00bb button_text_size__hover_enabled=\u00a0\u00bboff\u00a0\u00bb button_one_text_size__hover_enabled=\u00a0\u00bboff\u00a0\u00bb button_two_text_size__hover_enabled=\u00a0\u00bboff\u00a0\u00bb button_text_color__hover_enabled=\u00a0\u00bboff\u00a0\u00bb button_one_text_color__hover_enabled=\u00a0\u00bboff\u00a0\u00bb button_two_text_color__hover_enabled=\u00a0\u00bboff\u00a0\u00bb button_border_width__hover_enabled=\u00a0\u00bboff\u00a0\u00bb button_one_border_width__hover_enabled=\u00a0\u00bboff\u00a0\u00bb button_two_border_width__hover_enabled=\u00a0\u00bboff\u00a0\u00bb button_border_color__hover_enabled=\u00a0\u00bboff\u00a0\u00bb button_one_border_color__hover_enabled=\u00a0\u00bboff\u00a0\u00bb button_two_border_color__hover_enabled=\u00a0\u00bboff\u00a0\u00bb button_border_radius__hover_enabled=\u00a0\u00bboff\u00a0\u00bb button_one_border_radius__hover_enabled=\u00a0\u00bboff\u00a0\u00bb button_two_border_radius__hover_enabled=\u00a0\u00bboff\u00a0\u00bb button_letter_spacing__hover_enabled=\u00a0\u00bbon\u00a0\u00bb button_letter_spacing__hover=\u00a0\u00bb0&Prime; button_one_letter_spacing__hover_enabled=\u00a0\u00bboff\u00a0\u00bb button_two_letter_spacing__hover_enabled=\u00a0\u00bboff\u00a0\u00bb button_bg_color__hover_enabled=\u00a0\u00bboff\u00a0\u00bb button_one_bg_color__hover_enabled=\u00a0\u00bboff\u00a0\u00bb button_two_bg_color__hover_enabled=\u00a0\u00bboff\u00a0\u00bb][\/et_pb_cta][\/et_pb_column][\/et_pb_row][\/et_pb_section][et_pb_section fb_built=\u00a0\u00bb1&Prime; custom_padding_last_edited=\u00a0\u00bbon|desktop\u00a0\u00bb admin_label=\u00a0\u00bbsection\u00a0\u00bb _builder_version=\u00a0\u00bb4.16&Prime; background_color=\u00a0\u00bbrgba(255,255,255,0)\u00a0\u00bb custom_padding_tablet=\u00a0\u00bb50px|0|50px|0&Prime; custom_padding_phone=\u00a0\u00bb\u00a0\u00bb transparent_background=\u00a0\u00bbon\u00a0\u00bb padding_mobile=\u00a0\u00bboff\u00a0\u00bb make_fullwidth=\u00a0\u00bboff\u00a0\u00bb use_custom_width=\u00a0\u00bboff\u00a0\u00bb width_unit=\u00a0\u00bboff\u00a0\u00bb global_colors_info=\u00a0\u00bb{}\u00a0\u00bb][et_pb_row padding_mobile=\u00a0\u00bboff\u00a0\u00bb column_padding_mobile=\u00a0\u00bbon\u00a0\u00bb admin_label=\u00a0\u00bbrow\u00a0\u00bb _builder_version=\u00a0\u00bb4.16&Prime; background_size=\u00a0\u00bbinitial\u00a0\u00bb background_position=\u00a0\u00bbtop_left\u00a0\u00bb background_repeat=\u00a0\u00bbrepeat\u00a0\u00bb make_fullwidth=\u00a0\u00bboff\u00a0\u00bb use_custom_width=\u00a0\u00bboff\u00a0\u00bb width_unit=\u00a0\u00bboff\u00a0\u00bb custom_width_px=\u00a0\u00bb1080px\u00a0\u00bb custom_width_percent=\u00a0\u00bb80%\u00a0\u00bb global_colors_info=\u00a0\u00bb{}\u00a0\u00bb][et_pb_column type=\u00a0\u00bb4_4&Prime; _builder_version=\u00a0\u00bb4.16&Prime; custom_padding=\u00a0\u00bb|||\u00a0\u00bb global_colors_info=\u00a0\u00bb{}\u00a0\u00bb custom_padding__hover=\u00a0\u00bb|||\u00a0\u00bb][\/et_pb_column][\/et_pb_row][\/et_pb_section]<\/p>\n","protected":false},"excerpt":{"rendered":"<p>Les accessoires ALLETT sont con\u00e7us de fa\u00e7on \u00e0 vous aider \u00e0 tirer le meilleur de votre tondeuse h\u00e9lico\u00efdale et d&rsquo;en faire un \u00e9quipement d&rsquo;entretien encore plus complet pour votre gazon. Gr\u00e2ce au syst\u00e8me de cassettes QuickCartridge, vous pouvez facilement transformer votre tondeuse en \u00e9mousseur, d\u00e9feutreur (scarificateur), verticutteur, a\u00e9rateur ou encore en \u00e9quipement de finition gr\u00e2ce [&hellip;]<\/p>\n","protected":false},"author":1,"featured_media":0,"parent":60,"menu_order":0,"comment_status":"closed","ping_status":"closed","template":"","meta":{"_et_pb_use_builder":"on","_et_pb_old_content":"[et_pb_section admin_label=\"section\"][et_pb_row admin_label=\"Ligne\"][et_pb_column type=\"1_4\"][et_pb_sidebar admin_label=\"Barre lat\u00e9rale\" orientation=\"left\" area=\"et_pb_widget_area_3\" background_layout=\"light\" remove_border=\"off\" \/][\/et_pb_column][et_pb_column type=\"3_4\"][et_pb_text admin_label=\"Texte\"]\r\n\r\n<p>Les accessoires ALLETT sont con\u00e7us de fa\u00e7on \u00e0 vous aider \u00e0 tirer le meilleur de votre tondeuse h\u00e9lico\u00efdale et d'en faire un \u00e9quipement d'entretien encore plus complet pour votre gazon. Gr\u00e2ce au syst\u00e8me de cassettes QuickCartridge, vous pouvez facilement transformer votre tondeuse en \u00e9mousseur, d\u00e9feutreur (scarificateur), verticutteur, a\u00e9rateur ou encore en \u00e9quipement de finition gr\u00e2ce \u00e0 la cassette Brosse \u00e0 gazon.<\/p>\r\n<br \/>\r\n<p>Cr\u00e9\u00e9es avec une grande pr\u00e9cision, ces cassettes s'ajustent parfaitement \u00e0 votre tondeuse et sont facilement amovibles.<\/p>\r\n<br \/>\r\n<p>Si vous poss\u00e9dez <a title=\"Les tondeuses ALLETT Classic\" href=\"http:\/\/tondeogreen.com\/109-allett-classic\">une tondeuse ALLETT Classic 14L, 17L, ou 12E Plus<\/a>, une ALLETT Kensington 14E, ou <a title=\"La tondeusea ALLETT Sandringham\" href=\"http:\/\/tondeogreen.com\/tondeuse-helicoidale-electrique\/122-allett-sandringham-14e.html\">une ALLETT Sandringham 14E<\/a>, vous pouvez b\u00e9n\u00e9ficier du syst\u00e8me QuickCartridge en permutant la cassette de coupe d'origine avec la cassette \u00e9mousseur (aussi appel\u00e9e \"Allett scarifier cartridge\").<\/p>\r\n<br \/>\r\n<p>Con\u00e7ue pour retirer le chaume, les d\u00e9bris de surface et la mousse morte, la cassette \u00e9mousseur vous aide \u00e0 garder votre gazon en bonne sant\u00e9 et sans maladie, en facilitant la p\u00e9n\u00e9tration de l'air et de l'eau \u00e0 la surface du sol. Son action encourage \u00e9galement une nouvelle pousse des gramin\u00e9es, entrainant un gazon plus dense et luxuriant.<\/p>\r\n<br \/><center><img title=\"Cassettes QuickCartridge ALLETT\" src=\"http:\/\/tondeogreen.com\/img\/cms\/Qc_display_Kensington.jpg\" alt=\"D\u00e9couvrez le syst\u00e8me de cassettes ALLETT\" width=\"500\" height=\"333\" \/><\/center><br \/>\r\n<p>Si vous \u00eates possesseur d'<a title=\"Les tondeuses ALLETT Kensington\" href=\"http:\/\/tondeogreen.com\/tondeuse-helicoidale-thermique\/9-kensington-20k.html\">une ALLETT Kensington 14K, 17K ou 20K<\/a>, la qualit\u00e9 de votre gazon pourra \u00eatre sup\u00e9rieure par l'utilisation des autres cassettes d'entretien de la gamme : 10 lames, A\u00e9rateur, D\u00e9feutreur, Verticutteur et Brosse.<\/p>\r\n<br \/>\r\n<p>Ces cassettes requi\u00e8rent plus de puissance moteur, ainsi elles sont contre indiqu\u00e9es pour les mod\u00e8les Classic et les mod\u00e8les \u00e0 moteur \u00e9lectrique. (La 10 Lames peut \u00eatre utilis\u00e9e sur ces mod\u00e8les si les conditions de coupe id\u00e9ales sont r\u00e9unies.)<\/p>\r\n<br \/>\r\n<p>Un autre avantage des cassettes amovibles r\u00e9side dans la facilitation de l'entretien des cylindres. Ils sont plus facilement manipulables et les travaux d'affutage peuvent \u00eatre effectu\u00e9s avec plus de pr\u00e9cision et de soin. Elles sont \u00e9galement facilement stockables.<\/p>\r\n<br \/>\r\n<p><a title=\"D\u00e9couvrez comment changer facilement les cassettes QuickCartridge des tondeuses ALLETT Classic et Kensington\" href=\"http:\/\/tondeogreen.com\/content\/21-changer-cassette-tondeuse-allett-classic-14l-17l-kensington-14k-17k-20k\" target=\"_blank\">>D\u00e9couvrez comment changer facilement les cassettes ALLETT sur votre tondeuse h\u00e9lico\u00efdale<\/a><\/p>\r\n<br \/>\r\n<h2>Pr\u00e9sentation de la gamme de cassettes ALLETT<\/h2>\r\n<h3>En vid\u00e9o<\/h3>\r\n<center><iframe src=\"https:\/\/www.youtube.com\/embed\/3g89TatXhh0?rel=0\" width=\"560\" height=\"315\" frameborder=\"0\" allowfullscreen=\"allowfullscreen\"><\/iframe><\/center><br \/>\r\n<h3>La cassette de coupe 10 lames (10 Bladed Cylinder)<\/h3>\r\n<p>Ce cylindre de coupe de 10 lames en acier tremp\u00e9 tond plus finement (plus de passage de lames donc plus de r\u00e9gularit\u00e9 dans la coupe) que les cylindres 5 ou 6 lames d'origine. Il peut tondre \u00e0 une hauteur minimale de 6mm.<\/p>\r\n<p><a title=\"Commandez la cassette 10 lames ALLETT \" href=\"http:\/\/tondeogreen.com\/cassettes-amovibles-allett-atco\/23-cassette-10-lames.html\" target=\"_blank\">> Commandez la cassette ALLETT (10 Bladed Cylinder)<\/a><\/p>\r\n<br \/>\r\n<h3>La cassette \u00e9mousseur (Scarifier)<\/h3>\r\n<p>Ce petit scarificateur \u00e9limine en douceur la mousse. Il peut \u00eatre utilis\u00e9 pendant la pleine saison du gazon. Son action attaque et perturbe la prolif\u00e9ration des mauvaises herbes, rampantes ou non.<\/p>\r\n<p><a title=\"Commandez la cassette \u00e9mousseur ALLETT \" href=\"http:\/\/tondeogreen.com\/cassettes-amovibles-allett-atco\/20-cassette-emousseur.html\" target=\"_blank\">> Commandez la cassette Emousseur ALLETT (Scarifier)<\/a><\/p>\r\n<br \/>\r\n<h3>La cassette verticutteur (Verticutter)<\/h3>\r\n<p>Cette cassette de \"tonte verticale\" est compos\u00e9e de lames minces et peu espac\u00e9es. Elle enl\u00e8ve les repousses lat\u00e9rales et supprime la mousse.Le verticutteur favorise une croissance plus dense et r\u00e9guli\u00e8re du gazon.<\/p>\r\n<p><a title=\"Commandez la cassette verticutteur ALLETT \" href=\"http:\/\/tondeogreen.com\/cassettes-amovibles-allett-atco\/114-cassette-verticutter.html\" target=\"_blank\">> Commandez la cassette Verticutteur ALLETT (Verticutter)<\/a><\/p>\r\n<br \/>\r\n<h3>La cassette d\u00e9feutreur (Dethatcher)<\/h3>\r\n<p>La cassette d\u00e9feutreur est \u00e9quip\u00e9e de dents \u00e9paisses espac\u00e9es. Elle est plus aggressive, pouvant p\u00e9n\u00e9trer le sol jusqu'\u00e0 6mm de profondeur. Elle supprime les plus denses couches de chaume.<\/p>\r\n<p><a title=\"Commandez la cassette d\u00e9feutreur ALLETT \" href=\"http:\/\/tondeogreen.com\/cassettes-amovibles-allett-atco\/115-cassette-defeutreur.html\" target=\"_blank\">> Commandez la cassette D\u00e9feutreur ALLETT (Dethacher)<\/a><\/p>\r\n<br \/>\r\n<h3>La cassette brosse (Lawn Brush)<\/h3>\r\n<p>Cette cassette brosse soigneusement votre gazon et nettoie les d\u00e9bris de surfaces. Utile pour le top dressing.<\/p>\r\n<p><a title=\"Commandez la cassette brosse ALLETT \" href=\"http:\/\/tondeogreen.com\/cassettes-amovibles-allett-atco\/116-cassettes-brosse.html\" target=\"_blank\">> Commandez la cassette Brosse ALLETT (Lawn Brush)<\/a><\/p>\r\n<br \/>\r\n<h3>La cassette a\u00e9rateur (Aerator)<\/h3>\r\n<p>L'a\u00e9rateur fend le sol pour faciliter les \u00e9change eau\/air avec le terrain. Il supprime le compactage du sol et facilite l'infiltration de l'eau.<\/p>\r\n<br \/><center><img title=\"La  gamme de cassettes ALLETT pour Kensington\" src=\"http:\/\/tondeogreen.com\/img\/cms\/Cassette amovibles ALLETT_1.JPG\" alt=\"D\u00e9couvrez la gamme de cassettes ALLETT\" width=\"500\" height=\"282\" \/><\/center><br \/>\r\n<p style=\"text-decoration: italic; font-size: smaller;\"><em>Source : ALLETT<\/em><\/p>\r\n\r\n[\/et_pb_text][\/et_pb_column][\/et_pb_row][\/et_pb_section]","_et_gb_content_width":"","footnotes":""},"class_list":["post-275","page","type-page","status-publish","hentry"],"_links":{"self":[{"href":"https:\/\/tondeogreen.com\/blog\/wp-json\/wp\/v2\/pages\/275","targetHints":{"allow":["GET"]}}],"collection":[{"href":"https:\/\/tondeogreen.com\/blog\/wp-json\/wp\/v2\/pages"}],"about":[{"href":"https:\/\/tondeogreen.com\/blog\/wp-json\/wp\/v2\/types\/page"}],"author":[{"embeddable":true,"href":"https:\/\/tondeogreen.com\/blog\/wp-json\/wp\/v2\/users\/1"}],"replies":[{"embeddable":true,"href":"https:\/\/tondeogreen.com\/blog\/wp-json\/wp\/v2\/comments?post=275"}],"version-history":[{"count":11,"href":"https:\/\/tondeogreen.com\/blog\/wp-json\/wp\/v2\/pages\/275\/revisions"}],"predecessor-version":[{"id":1023,"href":"https:\/\/tondeogreen.com\/blog\/wp-json\/wp\/v2\/pages\/275\/revisions\/1023"}],"up":[{"embeddable":true,"href":"https:\/\/tondeogreen.com\/blog\/wp-json\/wp\/v2\/pages\/60"}],"wp:attachment":[{"href":"https:\/\/tondeogreen.com\/blog\/wp-json\/wp\/v2\/media?parent=275"}],"curies":[{"name":"wp","href":"https:\/\/api.w.org\/{rel}","templated":true}]}}