{"id":510,"date":"2017-01-16T17:07:30","date_gmt":"2017-01-16T16:07:30","guid":{"rendered":"http:\/\/tondeogreen.com\/blog\/?page_id=510"},"modified":"2024-02-29T21:44:05","modified_gmt":"2024-02-29T20:44:05","slug":"allett-expert-de-tondeuse-helicoidale-1965","status":"publish","type":"page","link":"https:\/\/tondeogreen.com\/blog\/tondeuse-allett\/allett-expert-de-tondeuse-helicoidale-1965\/","title":{"rendered":"ALLETT, expert de la tondeuse h\u00e9lico\u00efdale depuis 1965"},"content":{"rendered":"<p>[et_pb_section fb_built=\u00a0\u00bb1&Prime; custom_padding_last_edited=\u00a0\u00bbon|desktop\u00a0\u00bb admin_label=\u00a0\u00bbsection\u00a0\u00bb _builder_version=\u00a0\u00bb4.16&Prime; background_color=\u00a0\u00bbrgba(255,255,255,0)\u00a0\u00bb custom_padding_tablet=\u00a0\u00bb50px|0|50px|0&Prime; custom_padding_phone=\u00a0\u00bb50px|0|50px|0&Prime; transparent_background=\u00a0\u00bbon\u00a0\u00bb padding_mobile=\u00a0\u00bboff\u00a0\u00bb make_fullwidth=\u00a0\u00bboff\u00a0\u00bb use_custom_width=\u00a0\u00bboff\u00a0\u00bb width_unit=\u00a0\u00bbon\u00a0\u00bb global_colors_info=\u00a0\u00bb{}\u00a0\u00bb][et_pb_row admin_label=\u00a0\u00bbrow\u00a0\u00bb _builder_version=\u00a0\u00bb4.16&Prime; background_size=\u00a0\u00bbinitial\u00a0\u00bb background_position=\u00a0\u00bbtop_left\u00a0\u00bb background_repeat=\u00a0\u00bbrepeat\u00a0\u00bb global_colors_info=\u00a0\u00bb{}\u00a0\u00bb][et_pb_column type=\u00a0\u00bb4_4&Prime; _builder_version=\u00a0\u00bb4.16&Prime; custom_padding=\u00a0\u00bb|||\u00a0\u00bb global_colors_info=\u00a0\u00bb{}\u00a0\u00bb custom_padding__hover=\u00a0\u00bb|||\u00a0\u00bb][et_pb_post_title meta=\u00a0\u00bboff\u00a0\u00bb text_color=\u00a0\u00bblight\u00a0\u00bb admin_label=\u00a0\u00bbTitre du poste\u00a0\u00bb _builder_version=\u00a0\u00bb4.16&Prime; title_all_caps=\u00a0\u00bboff\u00a0\u00bb background_color=\u00a0\u00bbrgba(255,255,255,0)\u00a0\u00bb parallax=\u00a0\u00bbon\u00a0\u00bb parallax_method=\u00a0\u00bboff\u00a0\u00bb text_orientation=\u00a0\u00bbcenter\u00a0\u00bb parallax_effect=\u00a0\u00bbon\u00a0\u00bb module_bg_color=\u00a0\u00bbrgba(255,255,255,0)\u00a0\u00bb use_border_color=\u00a0\u00bboff\u00a0\u00bb border_color=\u00a0\u00bb#ffffff\u00a0\u00bb border_style=\u00a0\u00bbsolid\u00a0\u00bb global_colors_info=\u00a0\u00bb{}\u00a0\u00bb][\/et_pb_post_title][\/et_pb_column][\/et_pb_row][\/et_pb_section][et_pb_section fb_built=\u00a0\u00bb1&Prime; admin_label=\u00a0\u00bbSection\u00a0\u00bb _builder_version=\u00a0\u00bb4.16&Prime; global_colors_info=\u00a0\u00bb{}\u00a0\u00bb][et_pb_row column_structure=\u00a0\u00bb1_4,3_4&Prime; admin_label=\u00a0\u00bbLigne\u00a0\u00bb _builder_version=\u00a0\u00bb4.16&Prime; background_size=\u00a0\u00bbinitial\u00a0\u00bb background_position=\u00a0\u00bbtop_left\u00a0\u00bb background_repeat=\u00a0\u00bbrepeat\u00a0\u00bb global_colors_info=\u00a0\u00bb{}\u00a0\u00bb][et_pb_column type=\u00a0\u00bb1_4&Prime; _builder_version=\u00a0\u00bb4.16&Prime; custom_padding=\u00a0\u00bb|||\u00a0\u00bb global_colors_info=\u00a0\u00bb{}\u00a0\u00bb custom_padding__hover=\u00a0\u00bb|||\u00a0\u00bb][et_pb_sidebar area=\u00a0\u00bbet_pb_widget_area_4&Prime; disabled_on=\u00a0\u00bbon|on|\u00a0\u00bb admin_label=\u00a0\u00bbBarre lat\u00e9rale\u00a0\u00bb _builder_version=\u00a0\u00bb4.16&Prime; remove_border=\u00a0\u00bboff\u00a0\u00bb global_colors_info=\u00a0\u00bb{}\u00a0\u00bb][\/et_pb_sidebar][\/et_pb_column][et_pb_column type=\u00a0\u00bb3_4&Prime; _builder_version=\u00a0\u00bb4.16&Prime; custom_padding=\u00a0\u00bb|||\u00a0\u00bb global_colors_info=\u00a0\u00bb{}\u00a0\u00bb custom_padding__hover=\u00a0\u00bb|||\u00a0\u00bb][et_pb_code admin_label=\u00a0\u00bbCode\u00a0\u00bb _builder_version=\u00a0\u00bb4.24.2&Prime; hover_enabled=\u00a0\u00bb0&Prime; global_colors_info=\u00a0\u00bb{}\u00a0\u00bb sticky_enabled=\u00a0\u00bb0&Prime;]<pee>La premi\u00e8re machine ALLETT a \u00e9t\u00e9 con\u00e7ue, construite et test\u00e9e en 1965 par un ing\u00e9nieur en horticulture : Reg Allett. Un an plus tard, il vendit sa premi\u00e8re tondeuse de production.<!-- [et_pb_line_break_holder] -->Dans les 2 ans qui ont suivi sa mise en production, la tondeuse ALLETT est devenue le choix n\u00b01 des jardiniers professionnels. A la fin des ann\u00e9es 1960, cette machine de pr\u00e9cision tondait d\u00e9j\u00e0 la majorit\u00e9 des terrains de cricket.<!-- [et_pb_line_break_holder] --><\/br><!-- [et_pb_line_break_holder] -->Cette tondeuse a \u00e9galement fait ses preuves en pr\u00e9parant les terrains des plus grands clubs de football et de rugby, tout en d\u00e9ployant ses qualit\u00e9s dans les domaines ruraux, jardins priv\u00e9s et parcs publics \u00e0 travers le Royaume-Uni, l&rsquo;Irlande, et l&rsquo;Europe continentale.<!-- [et_pb_line_break_holder] --><\/br><!-- [et_pb_line_break_holder] -->A travers les ann\u00e9es 70, 80 et 90, ALLETT a continu\u00e9 \u00e0 d\u00e9velopper sa gamme de tondeuses professionnelles avec notamment l&rsquo;introduction de machines de coupe de 20&Prime;, 24&Prime;, 30&Prime; et 42&Prime;.<!-- [et_pb_line_break_holder] -->Au d\u00e9but du mill\u00e9naire, la gamme de tondeuses professionnelles ALLETT comprend ainsi les tondeuses sp\u00e9cialis\u00e9es aussi bien pour les greens de golf, terrains de cricket et autres terrains de sports, que pour les jardins priv\u00e9s et publics.<\/pee><!-- [et_pb_line_break_holder] --><\/br><!-- [et_pb_line_break_holder] --><\/p>\n<figure style=\"text-align:center\"><img decoding=\"async\" title=\"La premi\u00e8re tondeuse ALLETT, avec son cr\u00e9ateur Reg Allett\" src=\"https:\/\/tondeogreen.com\/img\/cms\/tondeuse-allett-Reg-Allett.jpg\" alt=\"La premi\u00e8re tondeuse ALLETT et son cr\u00e9ateur Mr Reg Allett \" width=\"600\" \/><figcaption>La premi\u00e8re tondeuse h\u00e9lico\u00efdale ALLETT, avec son cr\u00e9ateur Reg Allett<\/figcaption><\/figure>\n<p><!-- [et_pb_line_break_holder] --><\/br><!-- [et_pb_line_break_holder] --><pee>ALLETT a \u00e9t\u00e9 honor\u00e9 par la commission des cimeti\u00e8res militaires du Commonwealth d&rsquo;obtenir la responsabilit\u00e9 exclusive d&rsquo;entretenir les pelouses immacul\u00e9es de ses cimeti\u00e8res en Angleterre et partout dans le monde.<!\u2013- [et_pb_br_holder] -\u2013><!-- [et_pb_line_break_holder] -->En Ao\u00fbt 2007, l&rsquo;entreprise a \u00e9t\u00e9 rachet\u00e9e par le grand groupe Turfmech, et la production des tondeuses ALLETT a \u00e9t\u00e9 d\u00e9plac\u00e9e dans le centre d&rsquo;excellence Turfmech, \u00e0 Hixon, Staffordshire.<!\u2013- [et_pb_br_holder] -\u2013><!-- [et_pb_line_break_holder] -->L&rsquo;esprit de la marque a \u00e9t\u00e9 pr\u00e9serv\u00e9, et l&rsquo;h\u00e9ritage ALLETT se retrouve toujours dans ses mod\u00e8les reconnus \u00e0 travers le monde entier.<\/pee><!-- [et_pb_line_break_holder] --><\/p>\n<h2>2011, le rachat des droits ATCO et SUFFOLK<\/h2>\n<p><!-- [et_pb_line_break_holder] --><pee>En Mai 2011, ALLETT a rachet\u00e9 \u00e0 Bosch Lawn and Garden les droits de conception et de fabrication des mod\u00e8les de tondeuses h\u00e9lico\u00efdales \u00e9lectriques et thermiques ATCO et SUFFOLK PUNCH. Ces mod\u00e8les, semi-professionnels accessibles aux particuliers, forment les gammes Classic et Expert, repr\u00e9sent\u00e9es par les couleurs verte et dor\u00e9e.<\/pee><!-- [et_pb_line_break_holder] --><\/br><!-- [et_pb_line_break_holder] --><center><img decoding=\"async\" src=\"https:\/\/tondeogreen.com\/img\/cms\/Tondeuse-ALLETT-Expert.jpg\" alt=\"Allett, gamme Expert\" height=\"65\" \/> <img decoding=\"async\" src=\"https:\/\/tondeogreen.com\/img\/cms\/Tondeuse-ALLETT-Classic.jpg\" alt=\"Allett, gamme Classic\" height=\"65\" \/><\/center><!-- [et_pb_line_break_holder] --><\/br><!-- [et_pb_line_break_holder] --><pee><a title=\"D\u00e9couvrez notre gamme de tondeuses h\u00e9lico\u00efdales ALLETT (Classic, Kensington, Liberty, Stirling)\" href=\"https:\/\/tondeogreen.com\/107-tondeuse-allett\">> D\u00e9couvrez notre gamme de tondeuses h\u00e9lico\u00efdales ALLETT.<\/a><!-- [et_pb_line_break_holder] -->  <\/br><!-- [et_pb_line_break_holder] -->L&rsquo;acquisition des nouvelles gammes semi-professionnelles Classic et Expert ont fait de Turfmech le plus large fabricant de tondeuses h\u00e9lico\u00efdales \u00e0 conducteur marchant d&rsquo;Angleterre.<!\u2013- [et_pb_br_holder] -\u2013><!-- [et_pb_line_break_holder] -->Aujourd&rsquo;hui, la marque ALLETT est leader dans les diff\u00e9rents secteurs du march\u00e9, fournissant des tondeuses h\u00e9lico\u00efdales savamment construites, fiables et \u00e9prouv\u00e9es dans l&rsquo;entretien du gazon, apportant une finition de toute premi\u00e8re classe sur chaque pelouse tondue avec ses mod\u00e8les.<\/pp><!-- [et_pb_line_break_holder] --><pee style=\"font-style: italic; font-size: smaller;\">Source : ALLETT<\/pee>[\/et_pb_code][\/et_pb_column][\/et_pb_row][\/et_pb_section][et_pb_section fb_built=\u00a0\u00bb1&Prime; custom_padding_last_edited=\u00a0\u00bbon|desktop\u00a0\u00bb admin_label=\u00a0\u00bbsection\u00a0\u00bb _builder_version=\u00a0\u00bb4.16&Prime; background_image=\u00a0\u00bbhttps:\/\/tondeogreen.com\/blog\/wp-content\/uploads\/2016\/11\/grass-724014.jpg\u00a0\u00bb parallax=\u00a0\u00bbon\u00a0\u00bb parallax_method=\u00a0\u00bboff\u00a0\u00bb custom_padding_tablet=\u00a0\u00bb50px|0|50px|0&Prime; custom_padding_phone=\u00a0\u00bb50px|0|50px|0&Prime; custom_css_main_element=\u00a0\u00bbborder: solid 5px white;\u00a0\u00bb transparent_background=\u00a0\u00bboff\u00a0\u00bb padding_mobile=\u00a0\u00bboff\u00a0\u00bb make_fullwidth=\u00a0\u00bboff\u00a0\u00bb use_custom_width=\u00a0\u00bboff\u00a0\u00bb width_unit=\u00a0\u00bboff\u00a0\u00bb global_colors_info=\u00a0\u00bb{}\u00a0\u00bb][et_pb_row column_structure=\u00a0\u00bb1_3,2_3&Prime; padding_mobile=\u00a0\u00bboff\u00a0\u00bb column_padding_mobile=\u00a0\u00bbon\u00a0\u00bb admin_label=\u00a0\u00bbrow\u00a0\u00bb _builder_version=\u00a0\u00bb4.16&Prime; background_size=\u00a0\u00bbinitial\u00a0\u00bb background_position=\u00a0\u00bbtop_left\u00a0\u00bb background_repeat=\u00a0\u00bbrepeat\u00a0\u00bb make_fullwidth=\u00a0\u00bboff\u00a0\u00bb use_custom_width=\u00a0\u00bboff\u00a0\u00bb width_unit=\u00a0\u00bboff\u00a0\u00bb custom_width_px=\u00a0\u00bb1080px\u00a0\u00bb custom_width_percent=\u00a0\u00bb80%\u00a0\u00bb global_colors_info=\u00a0\u00bb{}\u00a0\u00bb][et_pb_column type=\u00a0\u00bb1_3&Prime; _builder_version=\u00a0\u00bb4.16&Prime; custom_padding=\u00a0\u00bb|||\u00a0\u00bb global_colors_info=\u00a0\u00bb{}\u00a0\u00bb custom_padding__hover=\u00a0\u00bb|||\u00a0\u00bb][et_pb_image src=\u00a0\u00bbhttps:\/\/tondeogreen.com\/blog\/wp-content\/uploads\/2016\/11\/ALLETT-Tondeuse-helicoidale-Tondeogreen-size-montageOK.jpg\u00a0\u00bb align_tablet=\u00a0\u00bbcenter\u00a0\u00bb align_phone=\u00a0\u00bbcenter\u00a0\u00bb align_last_edited=\u00a0\u00bbon|desktop\u00a0\u00bb admin_label=\u00a0\u00bbImage\u00a0\u00bb _builder_version=\u00a0\u00bb4.16&Prime; animation_style=\u00a0\u00bbslide\u00a0\u00bb animation_direction=\u00a0\u00bbleft\u00a0\u00bb animation_duration=\u00a0\u00bb500ms\u00a0\u00bb animation_intensity_slide=\u00a0\u00bb10%\u00a0\u00bb use_border_color=\u00a0\u00bboff\u00a0\u00bb border_color=\u00a0\u00bb#ffffff\u00a0\u00bb border_width=\u00a0\u00bb1px\u00a0\u00bb border_style=\u00a0\u00bbsolid\u00a0\u00bb sticky=\u00a0\u00bboff\u00a0\u00bb always_center_on_mobile=\u00a0\u00bbon\u00a0\u00bb global_colors_info=\u00a0\u00bb{}\u00a0\u00bb][\/et_pb_image][\/et_pb_column][et_pb_column type=\u00a0\u00bb2_3&Prime; _builder_version=\u00a0\u00bb4.16&Prime; custom_padding=\u00a0\u00bb|||\u00a0\u00bb global_colors_info=\u00a0\u00bb{}\u00a0\u00bb custom_padding__hover=\u00a0\u00bb|||\u00a0\u00bb][et_pb_cta title=\u00a0\u00bbTrouvez votre tondeuse ALLETT sur la boutique TONDEOGREEN\u00a0\u00bb button_url=\u00a0\u00bbhttps:\/\/tondeogreen.com\/107-tondeuse-allett\u00a0\u00bb button_text=\u00a0\u00bbAcheter sa tondeuse ALLETT\u00a0\u00bb admin_label=\u00a0\u00bbAppel d&rsquo;action\u00a0\u00bb _builder_version=\u00a0\u00bb4.16&Prime; header_font_size=\u00a0\u00bb40px\u00a0\u00bb header_line_height=\u00a0\u00bb2em\u00a0\u00bb use_background_color=\u00a0\u00bboff\u00a0\u00bb background_size=\u00a0\u00bbinitial\u00a0\u00bb background_position=\u00a0\u00bbtop_left\u00a0\u00bb background_repeat=\u00a0\u00bbrepeat\u00a0\u00bb use_border_color=\u00a0\u00bboff\u00a0\u00bb border_color=\u00a0\u00bb#ffffff\u00a0\u00bb border_width=\u00a0\u00bb1px\u00a0\u00bb border_style=\u00a0\u00bbsolid\u00a0\u00bb button_letter_spacing_hover=\u00a0\u00bb0&Prime; saved_tabs=\u00a0\u00bball\u00a0\u00bb global_colors_info=\u00a0\u00bb{}\u00a0\u00bb button_text_size__hover_enabled=\u00a0\u00bboff\u00a0\u00bb button_one_text_size__hover_enabled=\u00a0\u00bboff\u00a0\u00bb button_two_text_size__hover_enabled=\u00a0\u00bboff\u00a0\u00bb button_text_color__hover_enabled=\u00a0\u00bboff\u00a0\u00bb button_one_text_color__hover_enabled=\u00a0\u00bboff\u00a0\u00bb button_two_text_color__hover_enabled=\u00a0\u00bboff\u00a0\u00bb button_border_width__hover_enabled=\u00a0\u00bboff\u00a0\u00bb button_one_border_width__hover_enabled=\u00a0\u00bboff\u00a0\u00bb button_two_border_width__hover_enabled=\u00a0\u00bboff\u00a0\u00bb button_border_color__hover_enabled=\u00a0\u00bboff\u00a0\u00bb button_one_border_color__hover_enabled=\u00a0\u00bboff\u00a0\u00bb button_two_border_color__hover_enabled=\u00a0\u00bboff\u00a0\u00bb button_border_radius__hover_enabled=\u00a0\u00bboff\u00a0\u00bb button_one_border_radius__hover_enabled=\u00a0\u00bboff\u00a0\u00bb button_two_border_radius__hover_enabled=\u00a0\u00bboff\u00a0\u00bb button_letter_spacing__hover_enabled=\u00a0\u00bbon\u00a0\u00bb button_letter_spacing__hover=\u00a0\u00bb0&Prime; button_one_letter_spacing__hover_enabled=\u00a0\u00bboff\u00a0\u00bb button_two_letter_spacing__hover_enabled=\u00a0\u00bboff\u00a0\u00bb button_bg_color__hover_enabled=\u00a0\u00bboff\u00a0\u00bb button_one_bg_color__hover_enabled=\u00a0\u00bboff\u00a0\u00bb button_two_bg_color__hover_enabled=\u00a0\u00bboff\u00a0\u00bb][\/et_pb_cta][\/et_pb_column][\/et_pb_row][\/et_pb_section][et_pb_section fb_built=\u00a0\u00bb1&Prime; custom_padding_last_edited=\u00a0\u00bbon|desktop\u00a0\u00bb admin_label=\u00a0\u00bbsection\u00a0\u00bb _builder_version=\u00a0\u00bb4.16&Prime; background_color=\u00a0\u00bbrgba(255,255,255,0)\u00a0\u00bb custom_padding_tablet=\u00a0\u00bb50px|0|50px|0&Prime; custom_padding_phone=\u00a0\u00bb50px|0|50px|0&Prime; transparent_background=\u00a0\u00bbon\u00a0\u00bb padding_mobile=\u00a0\u00bboff\u00a0\u00bb make_fullwidth=\u00a0\u00bboff\u00a0\u00bb use_custom_width=\u00a0\u00bboff\u00a0\u00bb width_unit=\u00a0\u00bboff\u00a0\u00bb global_colors_info=\u00a0\u00bb{}\u00a0\u00bb][et_pb_row padding_mobile=\u00a0\u00bboff\u00a0\u00bb column_padding_mobile=\u00a0\u00bbon\u00a0\u00bb admin_label=\u00a0\u00bbrow\u00a0\u00bb _builder_version=\u00a0\u00bb4.16&Prime; background_size=\u00a0\u00bbinitial\u00a0\u00bb background_position=\u00a0\u00bbtop_left\u00a0\u00bb background_repeat=\u00a0\u00bbrepeat\u00a0\u00bb make_fullwidth=\u00a0\u00bboff\u00a0\u00bb use_custom_width=\u00a0\u00bboff\u00a0\u00bb width_unit=\u00a0\u00bboff\u00a0\u00bb custom_width_px=\u00a0\u00bb1080px\u00a0\u00bb custom_width_percent=\u00a0\u00bb80%\u00a0\u00bb global_colors_info=\u00a0\u00bb{}\u00a0\u00bb][et_pb_column type=\u00a0\u00bb4_4&Prime; _builder_version=\u00a0\u00bb4.16&Prime; custom_padding=\u00a0\u00bb|||\u00a0\u00bb global_colors_info=\u00a0\u00bb{}\u00a0\u00bb custom_padding__hover=\u00a0\u00bb|||\u00a0\u00bb][\/et_pb_column][\/et_pb_row][\/et_pb_section]<\/p>\n","protected":false},"excerpt":{"rendered":"","protected":false},"author":1,"featured_media":0,"parent":60,"menu_order":0,"comment_status":"closed","ping_status":"closed","template":"","meta":{"_et_pb_use_builder":"on","_et_pb_old_content":"","_et_gb_content_width":"","footnotes":""},"class_list":["post-510","page","type-page","status-publish","hentry"],"_links":{"self":[{"href":"https:\/\/tondeogreen.com\/blog\/wp-json\/wp\/v2\/pages\/510","targetHints":{"allow":["GET"]}}],"collection":[{"href":"https:\/\/tondeogreen.com\/blog\/wp-json\/wp\/v2\/pages"}],"about":[{"href":"https:\/\/tondeogreen.com\/blog\/wp-json\/wp\/v2\/types\/page"}],"author":[{"embeddable":true,"href":"https:\/\/tondeogreen.com\/blog\/wp-json\/wp\/v2\/users\/1"}],"replies":[{"embeddable":true,"href":"https:\/\/tondeogreen.com\/blog\/wp-json\/wp\/v2\/comments?post=510"}],"version-history":[{"count":14,"href":"https:\/\/tondeogreen.com\/blog\/wp-json\/wp\/v2\/pages\/510\/revisions"}],"predecessor-version":[{"id":1021,"href":"https:\/\/tondeogreen.com\/blog\/wp-json\/wp\/v2\/pages\/510\/revisions\/1021"}],"up":[{"embeddable":true,"href":"https:\/\/tondeogreen.com\/blog\/wp-json\/wp\/v2\/pages\/60"}],"wp:attachment":[{"href":"https:\/\/tondeogreen.com\/blog\/wp-json\/wp\/v2\/media?parent=510"}],"curies":[{"name":"wp","href":"https:\/\/api.w.org\/{rel}","templated":true}]}}